{"id":248,"date":"2021-02-25T15:09:19","date_gmt":"2021-02-25T14:09:19","guid":{"rendered":"https:\/\/dataflocage.com\/?page_id=248"},"modified":"2021-02-25T15:19:10","modified_gmt":"2021-02-25T14:19:10","slug":"soufflage","status":"publish","type":"page","link":"https:\/\/dataflocage.com\/index.php\/soufflage\/","title":{"rendered":"Soufflage"},"content":{"rendered":"<p>[et_pb_section fb_built=&#8221;1&#8243; _builder_version=&#8221;4.9.0&#8243; _module_preset=&#8221;default&#8221; custom_padding=&#8221;||52px|||&#8221;][et_pb_row _builder_version=&#8221;4.9.0&#8243; _module_preset=&#8221;default&#8221; column_structure=&#8221;1_2,1_2&#8243;][et_pb_column _builder_version=&#8221;4.9.0&#8243; _module_preset=&#8221;default&#8221; type=&#8221;1_2&#8243;][et_pb_text _builder_version=&#8221;4.9.0&#8243; _module_preset=&#8221;default&#8221; header_2_font=&#8221;Roboto||||||||&#8221; header_2_text_color=&#8221;#1c65af&#8221; text_font=&#8221;Poppins|300|||||||&#8221; hover_enabled=&#8221;0&#8243; sticky_enabled=&#8221;0&#8243; custom_margin=&#8221;44px|||||&#8221;]<\/p>\n<h2>Soufflage<\/h2>\n<p> Les combles perdus sont l\u2019espace sous votre toit non utilis\u00e9s. Le soufflage est une technique servant \u00e0 l\u2019isolation des combles perdus et \u00e0 am\u00e9nager des maisons individuelles. Ce proc\u00e9d\u00e9 n\u00e9cessite la pr\u00e9sence de deux personnes. En effet, une personne doit se positionner \u00e0 la machine pour alimenter en isolant et la deuxi\u00e8me personne doit \u00eatre dans les combles pour mettre en place ce dernier.<\/p>\n<p>[\/et_pb_text][et_pb_toggle title=&#8221;SAVOIR PLUS&#8221; _builder_version=&#8221;4.9.0&#8243; _module_preset=&#8221;default&#8221; icon_color=&#8221;#1c65af&#8221; title_font=&#8221;Poppins||||||||&#8221; body_font=&#8221;Poppins|300|||||||&#8221; hover_enabled=&#8221;0&#8243; sticky_enabled=&#8221;0&#8243;]<\/p>\n<p>L\u2019isolant est projet\u00e9 sur l\u2019ensemble du plancher des combles et jusque dans les recoins les plus difficiles d\u2019acc\u00e8s, contrairement \u00e0 une isolation r\u00e9alis\u00e9e \u00e0 la main. Cette technique repose sur l\u2019\u00e9pandage d\u2019isolation dans les combles par soufflage et consiste \u00e0 injecter l\u2019isolant entre deux parois de l\u2019isolant.<br \/> Les avantages du soufflage sont une mise en oeuvre rapide, une intervention par l\u2019ext\u00e9rieur pour l\u2019isolation des toitures, la suppression des ponts thermiques, une homog\u00e9n\u00e9it\u00e9 de l\u2019isolant, le traitement phonique est efficace et elle poss\u00e8de un faible co\u00fbt de r\u00e9alisation par rapport aux techniques plus traditionnelles.<\/p>\n<p>[\/et_pb_toggle][\/et_pb_column][et_pb_column _builder_version=&#8221;4.9.0&#8243; _module_preset=&#8221;default&#8221; type=&#8221;1_2&#8243;][et_pb_image src=&#8221;https:\/\/dataflocage.com\/wp-content\/uploads\/2021\/02\/flocage-isolation-thermique-industriel-Iso-Inter-Objat-Correze-copie.jpg&#8221; _builder_version=&#8221;4.9.0&#8243; _module_preset=&#8221;default&#8221; title_text=&#8221;SOUFFLAGE&#8221; box_shadow_style=&#8221;preset2&#8243; hover_enabled=&#8221;0&#8243; sticky_enabled=&#8221;0&#8243;][\/et_pb_image][\/et_pb_column][\/et_pb_row][et_pb_row _builder_version=&#8221;4.9.0&#8243; _module_preset=&#8221;default&#8221; column_structure=&#8221;1_2,1_2&#8243;][et_pb_column _builder_version=&#8221;4.9.0&#8243; _module_preset=&#8221;default&#8221; type=&#8221;1_2&#8243;][et_pb_text _builder_version=&#8221;4.9.0&#8243; _module_preset=&#8221;default&#8221; header_2_font=&#8221;Roboto||||||||&#8221; header_2_text_color=&#8221;#1c65af&#8221; text_font=&#8221;Poppins|300|||||||&#8221; hover_enabled=&#8221;0&#8243; sticky_enabled=&#8221;0&#8243; custom_margin=&#8221;4px|||||&#8221; custom_padding=&#8221;4px|||||&#8221;]<\/p>\n<h2>Laine de Verre\/ Laine de Roche ou Ouate de Cellulose<\/h2>\n<p>Le soufflage dans les combles perdus de laine de verre, laine de roche ou ouate de cellulose produisent des performances thermiques et acoustiques \u00e9lev\u00e9s. Cette technique du permet \u00e9galement d\u2019\u00e9viter les ponts thermiques car l\u2019isolant enrobe parfaitement les surfaces \u00e0 traiter.[\/et_pb_text][\/et_pb_column][et_pb_column _builder_version=&#8221;4.9.0&#8243; _module_preset=&#8221;default&#8221; type=&#8221;1_2&#8243;][et_pb_text _builder_version=&#8221;4.9.0&#8243; _module_preset=&#8221;default&#8221; header_2_font=&#8221;Roboto||||||||&#8221; header_2_text_color=&#8221;#1c65af&#8221; text_font=&#8221;Poppins|300|||||||&#8221; hover_enabled=&#8221;0&#8243; sticky_enabled=&#8221;0&#8243; custom_margin=&#8221;4px|||||&#8221;]<\/p>\n<h2>Domaines d\u2019Applications<\/h2>\n<p><\/BR><br \/>\n\u2022\tCombles perdus<br \/>\n\u2022\tParois et cavit\u00e9s creuses<br \/>\n\u2022\tPlanchers non isol\u00e9s<br \/>\n\u2022\tLe soufflage est un gage de rapidit\u00e9, d\u2019\u00e9conomie et d\u2019efficacit\u00e9.<br \/>\n[\/et_pb_text][\/et_pb_column][\/et_pb_row][\/et_pb_section]<\/p>\n","protected":false},"excerpt":{"rendered":"<p>[et_pb_section fb_built=&#8221;1&#8243; _builder_version=&#8221;4.9.0&#8243; _module_preset=&#8221;default&#8221; custom_padding=&#8221;||52px|||&#8221;][et_pb_row _builder_version=&#8221;4.9.0&#8243; _module_preset=&#8221;default&#8221; column_structure=&#8221;1_2,1_2&#8243;][et_pb_column _builder_version=&#8221;4.9.0&#8243; _module_preset=&#8221;default&#8221; type=&#8221;1_2&#8243;][et_pb_text _builder_version=&#8221;4.9.0&#8243; _module_preset=&#8221;default&#8221; header_2_font=&#8221;Roboto||||||||&#8221; header_2_text_color=&#8221;#1c65af&#8221; text_font=&#8221;Poppins|300|||||||&#8221; hover_enabled=&#8221;0&#8243; sticky_enabled=&#8221;0&#8243; custom_margin=&#8221;44px|||||&#8221;] Soufflage Les combles perdus sont l\u2019espace sous votre toit non utilis\u00e9s. Le soufflage est une technique servant \u00e0 l\u2019isolation des combles perdus et \u00e0 am\u00e9nager des maisons individuelles. Ce proc\u00e9d\u00e9 n\u00e9cessite la pr\u00e9sence de deux personnes. [&hellip;]<\/p>\n","protected":false},"author":1,"featured_media":0,"parent":0,"menu_order":0,"comment_status":"closed","ping_status":"closed","template":"","meta":{"_et_pb_use_builder":"on","_et_pb_old_content":"","_et_gb_content_width":"","spay_email":""},"_links":{"self":[{"href":"https:\/\/dataflocage.com\/index.php\/wp-json\/wp\/v2\/pages\/248"}],"collection":[{"href":"https:\/\/dataflocage.com\/index.php\/wp-json\/wp\/v2\/pages"}],"about":[{"href":"https:\/\/dataflocage.com\/index.php\/wp-json\/wp\/v2\/types\/page"}],"author":[{"embeddable":true,"href":"https:\/\/dataflocage.com\/index.php\/wp-json\/wp\/v2\/users\/1"}],"replies":[{"embeddable":true,"href":"https:\/\/dataflocage.com\/index.php\/wp-json\/wp\/v2\/comments?post=248"}],"version-history":[{"count":2,"href":"https:\/\/dataflocage.com\/index.php\/wp-json\/wp\/v2\/pages\/248\/revisions"}],"predecessor-version":[{"id":252,"href":"https:\/\/dataflocage.com\/index.php\/wp-json\/wp\/v2\/pages\/248\/revisions\/252"}],"wp:attachment":[{"href":"https:\/\/dataflocage.com\/index.php\/wp-json\/wp\/v2\/media?parent=248"}],"curies":[{"name":"wp","href":"https:\/\/api.w.org\/{rel}","templated":true}]}}