{"id":233,"date":"2021-02-25T14:59:31","date_gmt":"2021-02-25T13:59:31","guid":{"rendered":"https:\/\/dataflocage.com\/?page_id=233"},"modified":"2021-02-25T15:07:30","modified_gmt":"2021-02-25T14:07:30","slug":"gaines-coupe-feu","status":"publish","type":"page","link":"https:\/\/dataflocage.com\/index.php\/gaines-coupe-feu\/","title":{"rendered":"Gaines Coupe-Feu"},"content":{"rendered":"<p>[et_pb_section fb_built=&#8221;1&#8243; _builder_version=&#8221;4.9.0&#8243; _module_preset=&#8221;default&#8221; custom_padding=&#8221;||5px|||&#8221;][et_pb_row _builder_version=&#8221;4.9.0&#8243; _module_preset=&#8221;default&#8221; column_structure=&#8221;1_2,1_2&#8243;][et_pb_column _builder_version=&#8221;4.9.0&#8243; _module_preset=&#8221;default&#8221; type=&#8221;1_2&#8243;][et_pb_text _builder_version=&#8221;4.9.0&#8243; _module_preset=&#8221;default&#8221; header_2_font=&#8221;Roboto||||||||&#8221; header_2_text_color=&#8221;#1c65af&#8221; text_font=&#8221;Poppins|300|||||||&#8221; hover_enabled=&#8221;0&#8243; sticky_enabled=&#8221;0&#8243;]<\/p>\n<h2>Gaines Coupe Feu<\/h2>\n<p>La protection dite passive contre l\u2019incendie regroupe l\u2019ensemble des techniques et moyens mat\u00e9riels mis en \u0153uvre pour limiter les effets d\u2019un incendie, une fois ce dernier d\u00e9clar\u00e9.<br \/> la lutte contre l\u2019incendie a plusieurs objectifs comme \u00e9vacuer dans les d\u00e9lais les plus brefs toutes les personnes expos\u00e9es au risque, favoriser l\u2019acc\u00e8s des moyens d\u2019intervention contre l\u2019incendie, ralentir la propagation des feux, \u00e9teindre l\u2019incendie ou encore s\u00e9curiser la zone incendi\u00e9e.<br \/> Dans le domaine du d\u00e9senfumage ou de la ventilation, notre gamme de produit Promat ou Athermax vous apporte une s\u00e9curit\u00e9 sans faille.<br \/> Pour les dimensions traditionnel, nous gaines sont d\u00e9j\u00e0 \u00ab pr\u00eate \u00e0 poser \u00bb, n\u00e9anmoins, Nous confectionnons directement les gaines les plus volumineuses sur chantier gr\u00e2ce \u00e0 l\u2019assemblage de panneaux, fibre et colle.<\/p>\n<p>[\/et_pb_text][\/et_pb_column][et_pb_column _builder_version=&#8221;4.9.0&#8243; _module_preset=&#8221;default&#8221; type=&#8221;1_2&#8243;][et_pb_image src=&#8221;https:\/\/dataflocage.com\/wp-content\/uploads\/2021\/02\/COUPE-FEU_GAINE3-1024&#215;678-1.jpg&#8221; _builder_version=&#8221;4.9.0&#8243; _module_preset=&#8221;default&#8221; title_text=&#8221;COUPE-FEU_GAINE&#8221; box_shadow_style=&#8221;preset2&#8243; hover_enabled=&#8221;0&#8243; sticky_enabled=&#8221;0&#8243; custom_padding=&#8221;9px|||||&#8221;][\/et_pb_image][\/et_pb_column][\/et_pb_row][et_pb_row _builder_version=&#8221;4.9.0&#8243; _module_preset=&#8221;default&#8221; column_structure=&#8221;1_2,1_2&#8243;][et_pb_column _builder_version=&#8221;4.9.0&#8243; _module_preset=&#8221;default&#8221; type=&#8221;1_2&#8243;][et_pb_text _builder_version=&#8221;4.9.0&#8243; _module_preset=&#8221;default&#8221; header_2_font=&#8221;Roboto||||||||&#8221; header_2_text_color=&#8221;#1c65af&#8221; text_font=&#8221;Poppins|300|||||||&#8221; hover_enabled=&#8221;0&#8243; sticky_enabled=&#8221;0&#8243;]<\/p>\n<h2>Caract\u00e9ristiques<\/h2>\n<p>Les plaques les plus classique ont une Masse volumique de +- 500 kg\/m\u00b3. Pour les environnements les plus contraignants notre gamme de Panneaux Ultra L\u00e9ger en silicate de Calcium, incombustible et imputrescible de dimensions 1220 x 2040 mm (\u00e9paisseurs 22, 25, 30, 35, 40, 45, 47, 50, 55, mm) ont une charge de 260 Kg\/M3[\/et_pb_text][\/et_pb_column][et_pb_column _builder_version=&#8221;4.9.0&#8243; _module_preset=&#8221;default&#8221; type=&#8221;1_2&#8243;][et_pb_text _builder_version=&#8221;4.9.0&#8243; _module_preset=&#8221;default&#8221; header_2_font=&#8221;Roboto||||||||&#8221; header_2_text_color=&#8221;#1c65af&#8221; text_font=&#8221;Poppins|300|||||||&#8221; hover_enabled=&#8221;0&#8243; sticky_enabled=&#8221;0&#8243;]<\/p>\n<h2>Domaines d\u2019Applications<\/h2>\n<p>Protection passive contre l\u2019incendie sur :<br \/>\n\u2022\tStructure M\u00e9tallique<br \/>\n\u2022\tConduits de D\u00e9sanfumage\/Ventilation (horizontal\/vertical)<br \/>\n\u2022\tEcran Coupe-Feu: Tous Supports (B\u00e9ton, Plancher mixte acier\/b\u00e9ton, Bois)\n<\/p>\n<p>[\/et_pb_text][\/et_pb_column][\/et_pb_row][\/et_pb_section]<\/p>\n","protected":false},"excerpt":{"rendered":"<p>[et_pb_section fb_built=&#8221;1&#8243; _builder_version=&#8221;4.9.0&#8243; _module_preset=&#8221;default&#8221; custom_padding=&#8221;||5px|||&#8221;][et_pb_row _builder_version=&#8221;4.9.0&#8243; _module_preset=&#8221;default&#8221; column_structure=&#8221;1_2,1_2&#8243;][et_pb_column _builder_version=&#8221;4.9.0&#8243; _module_preset=&#8221;default&#8221; type=&#8221;1_2&#8243;][et_pb_text _builder_version=&#8221;4.9.0&#8243; _module_preset=&#8221;default&#8221; header_2_font=&#8221;Roboto||||||||&#8221; header_2_text_color=&#8221;#1c65af&#8221; text_font=&#8221;Poppins|300|||||||&#8221; hover_enabled=&#8221;0&#8243; sticky_enabled=&#8221;0&#8243;] Gaines Coupe Feu La protection dite passive contre l\u2019incendie regroupe l\u2019ensemble des techniques et moyens mat\u00e9riels mis en \u0153uvre pour limiter les effets d\u2019un incendie, une fois ce dernier d\u00e9clar\u00e9. la lutte contre l\u2019incendie a plusieurs objectifs [&hellip;]<\/p>\n","protected":false},"author":1,"featured_media":0,"parent":0,"menu_order":0,"comment_status":"closed","ping_status":"closed","template":"","meta":{"_et_pb_use_builder":"on","_et_pb_old_content":"","_et_gb_content_width":"","spay_email":""},"_links":{"self":[{"href":"https:\/\/dataflocage.com\/index.php\/wp-json\/wp\/v2\/pages\/233"}],"collection":[{"href":"https:\/\/dataflocage.com\/index.php\/wp-json\/wp\/v2\/pages"}],"about":[{"href":"https:\/\/dataflocage.com\/index.php\/wp-json\/wp\/v2\/types\/page"}],"author":[{"embeddable":true,"href":"https:\/\/dataflocage.com\/index.php\/wp-json\/wp\/v2\/users\/1"}],"replies":[{"embeddable":true,"href":"https:\/\/dataflocage.com\/index.php\/wp-json\/wp\/v2\/comments?post=233"}],"version-history":[{"count":3,"href":"https:\/\/dataflocage.com\/index.php\/wp-json\/wp\/v2\/pages\/233\/revisions"}],"predecessor-version":[{"id":245,"href":"https:\/\/dataflocage.com\/index.php\/wp-json\/wp\/v2\/pages\/233\/revisions\/245"}],"wp:attachment":[{"href":"https:\/\/dataflocage.com\/index.php\/wp-json\/wp\/v2\/media?parent=233"}],"curies":[{"name":"wp","href":"https:\/\/api.w.org\/{rel}","templated":true}]}}